847 is divided by 1768.
1767
What is the remainder when 21602 is divided by 984?
938
Calculate the remainder when 3008155 is divided by 83544.
571
What is the remainder when 3280153 is divided by 708?
697
Calculate the remainder when 19490305 is divided by 9745151.
3
What is the remainder when 21149285 is divided by 582?
569
Calculate the remainder when 161895658 is divided by 139325.
8
Calculate the remainder when 29980676 is divided by 5996135.
1
Calculate the remainder when 584688 is divided by 2662.
1710
What is the remainder when 11556181 is divided by 2627?
8
Calculate the remainder when 12818739 is divided by 97.
92
Calculate the remainder when 98445 is divided by 7372.
2609
What is the remainder when 1970367 is divided by 22388?
223
What is the remainder when 33589 is divided by 617?
271
Calculate the remainder when 114267 is divided by 28446.
483
What is the remainder when 100864 is divided by 3055?
49
Calculate the remainder when 890925 is divided by 16.
13
Calculate the remainder when 275716 is divided by 777.
658
What is the remainder when 216001 is divided by 7440?
241
What is the remainder when 11475544 is divided by 5653?
5607
Calculate the remainder when 367353 is divided by 296.
17
Calculate the remainder when 31012 is divided by 30668.
344
Calculate the remainder when 6897236 is divided by 3448570.
96
Calculate the remainder when 2314767 is divided by 33068.
7
What is the remainder when 9210476 is divided by 93984?
44
What is the remainder when 1565907 is divided by 4176?
4083
What is the remainder when 23731 is divided by 642?
619
Calculate the remainder when 111961167 is divided by 10.
7
Calculate the remainder when 1695007 is divided by 224.
223
What is the remainder when 512351 is divided by 102110?
1801
What is the remainder when 2485335 is divided by 6851?
5273
Calculate the remainder when 113054 is divided by 13589.
4342
Calculate the remainder when 975332 is divided by 483522.
8288
What is the remainder when 7293532 is divided by 119566?
6
Calculate the remainder when 2904001 is divided by 70828.
53
What is the remainder when 18647129 is divided by 170?
169
Calculate the remainder when 1377106 is divided by 56.
10
Calculate the remainder when 42499735 is divided by 631.
623
What is the remainder when 2813029 is divided by 854?
807
Calculate the remainder when 12065479 is divided by 1634.
23
What is the remainder when 397550 is divided by 26500?
50
Calculate the remainder when 166941728 is divided by 1810.
1808
What is the remainder when 79730394 is divided by 239?
233
Calculate the remainder when 16813870 is divided by 506.
502
Calculate the remainder when 52338 is divided by 871.
78
Calculate the remainder when 8369629 is divided by 3.
1
Calculate the remainder when 1079487 is divided by 6.
3
What is the remainder when 746394301 is divided by 3?
1
What is the remainder when 187645 is divided by 6701?
17
What is the remainder when 5679616 is divided by 1893199?
19
What is the remainder when 4168207 is divided by 103?
3
What is the remainder when 7142135 is divided by 774?
437
What is the remainder when 176070 is divided by 539?
356
Calculate the remainder when 8691332 is divided by 47.
45
Calculate the remainder when 577943 is divided by 7.
2
Calculate the remainder when 40656 is divided by 3371.
204
What is the remainder when 1312057 is divided by 23842?
747
Calculate the remainder when 3216697 is divided by 1548.
1501
What is the remainder when 386631 is divided by 1681?
1
Calculate the remainder when 14817 is divided by 14717.
100
Calculate the remainder when 389296 is divided by 129763.
7
Calculate the remainder when 121736 is divided by 15188.
232
What is the remainder when 1481397 is divided by 4891?
4315
What is the remainder when 16415299 is divided by 630?
19
Calculate the remainder when 5566521 is divided by 22628.
33
What is the remainder when 13281080 is divided by 780?
20
What is the remainder when 125473 is divided by 31303?
261
Calculate the remainder when 149120 is divided by 200.
120
Calculate the remainder when 861859 is divided by 472.
459
Calculate the remainder when 449327 is divided by 224359.
609
Calculate the remainder when 10452609 is divided by 403.
401
Calculate the remainder when 24741 is divided by 2283.
1911
What is the remainder when 4218 is divided by 4184?
34
Calculate the remainder when 57052734 is divided by 61.
44
What is the remainder when 929184 is divided by 322?
214
What is the remainder when 740037 is divided by 265?
157
What is the remainder when 14596817 is divided by 567?
536
What is the remainder when 8039456 is divided by 262?
248
Calculate the remainder when 12270 is divided by 2262.
960
What is the remainder when 43629 is divided by 1817?
21
What is the remainder when 83387158 is divided by 11?
8
What is the remainder when 11875075 is divided by 3914?
3913
What is the remainder when 102269066 is divided by 2948?
2946
What is the remainder when 156955060 is divided by 1589?
1585
Calculate the remainder when 7754 is divided by 3296.
1162
What is the remainder when 585788 is divided by 248?
12
Calculate the remainder when 5845216 is divided by 4248.
4216
What is the remainder when 15723 is divided by 1419?
114
What is the remainder when 15252502 is divided by 10696?
6
What is the remainder when 12231255 is divided by 28?
15
Calculate the remainder when 1377373 is divided by 559.
556
What is the remainder when 38655216 is divided by 12885020?
156
What is the remainder when 2861539 is divided by 2953?
82
What is the remainder when 174629 is divided by 11635?
104
Calculate the remainder when 12099835 is divided by 4384.
4379
What is the remainder when 307454 is divided by 76500?
1454
What is the remainder when 165629268 is divided by 311?
309
What is the remainder when 124574716 is divided by 1856?
1852
Calculate the remainder when 274300 is divided by 5960.
140
Calculate the remainder when 74833 is divided by 2362.
1611
Calculate the remainder when 32851795 is divided by 16425897.
1
What is the remainder when 9567 is divided by 470?
167
Calculate the remainder when 1095906 is divided by 314.
46
Calculate the remainder when 121665 is divided by 6419.
6123
What is the remainder when 1609891 is divided by 804766?
359
Calculate the remainder when 1490013 is divided by 82776.
45
What is the remainder when 213437026 is divided by 1563?
1561
Calculate the remainder when 16869256 is divided by 20.
16
What is the remainder when 4362810 is divided by 273?
270
What is the remainder when 4891866 is divided by 2609?
2600
Calculate the remainder when 612683 is divided by 61147.
1213
What is the remainder when 612771 is divided by 29179?
12
Calculate the remainder when 38902646 is divided by 19451320.
6
What is the remainder when 19610015 is divided by 185000?
15
What is the remainder when 8205865 is divided by 212?
193
What is the remainder when 77532463 is divided by 2257?
2256
What is the remainder when 515920 is divided by 15578?
1846
Calculate the remainder when 4813162 is divided by 362.
10
Calculate the remainder when 193622 is divided by 385.
352
Calculate the remainder when 214823 is divided by 155.
148
Calculate the remainder when 131088 is divided by 1253.
776
Calculate the remainder when 22826871 is divided by 1152.
1143
Calculate the remainder when 156173 is divided by 52006.
155
Calculate the remainder when 88942796 is divided by 127.
124
Calculate the remainder when 158376318 is divided by 128.
126
Calculate the remainder when 113240236 is divided by 29.
21
What is the remainder when 295257 is divided by 10544?
25
What is the remainder when 2290584 is divided by 275?
109
Calculate the remainder when 93436 is divided by 6425.
3486
What is the remainder when 88552 is divided by 1743?
1402
What is the remainder when 75820677 is divided by 120?
117
Calculate the remainder when 658282 is divided by 329078.
126
What is the remainder when 1935982 is divided by 12821?
11
What is the remainder when 12033751 is divided by 235954?
97
What is the remainder when 87028 is divided by 30?
28
What is the remainder when 238793 is divided by 128?
73
What is the remainder when 10334914 is divided by 10334799?
115
What is the remainder when 1692036 is divided by 1692029?
7
Calculate the rema